{"id":59,"date":"2016-05-02T08:55:03","date_gmt":"2016-05-02T06:55:03","guid":{"rendered":"https:\/\/www.brodtfoundation.org\/?page_id=2"},"modified":"2023-03-13T14:20:47","modified_gmt":"2023-03-13T13:20:47","slug":"willkommen","status":"publish","type":"page","link":"https:\/\/www.brodtfoundation.org\/de\/","title":{"rendered":"Startseite"},"content":{"rendered":"<h1 style=\"text-align: center\">Die Brodt Foundation engagiert sich f\u00fcr die St\u00e4rkung der j\u00fcdischen Identit\u00e4t und des Selbstverst\u00e4ndnisses von Kindern und Jugendlichen.<\/h1>\n<p style=\"text-align: center\">\n","protected":false},"excerpt":{"rendered":"<p>Die Brodt Foundation engagiert sich f\u00fcr die St\u00e4rkung der j\u00fcdischen Identit\u00e4t und des Selbstverst\u00e4ndnisses von Kindern und Jugendlichen.<\/p>\n","protected":false},"author":1,"featured_media":0,"parent":0,"menu_order":0,"comment_status":"closed","ping_status":"closed","template":"","meta":{"footnotes":""},"class_list":["post-59","page","type-page","status-publish","hentry"],"_links":{"self":[{"href":"https:\/\/www.brodtfoundation.org\/de\/wp-json\/wp\/v2\/pages\/59","targetHints":{"allow":["GET"]}}],"collection":[{"href":"https:\/\/www.brodtfoundation.org\/de\/wp-json\/wp\/v2\/pages"}],"about":[{"href":"https:\/\/www.brodtfoundation.org\/de\/wp-json\/wp\/v2\/types\/page"}],"author":[{"embeddable":true,"href":"https:\/\/www.brodtfoundation.org\/de\/wp-json\/wp\/v2\/users\/1"}],"replies":[{"embeddable":true,"href":"https:\/\/www.brodtfoundation.org\/de\/wp-json\/wp\/v2\/comments?post=59"}],"version-history":[{"count":7,"href":"https:\/\/www.brodtfoundation.org\/de\/wp-json\/wp\/v2\/pages\/59\/revisions"}],"predecessor-version":[{"id":3265,"href":"https:\/\/www.brodtfoundation.org\/de\/wp-json\/wp\/v2\/pages\/59\/revisions\/3265"}],"wp:attachment":[{"href":"https:\/\/www.brodtfoundation.org\/de\/wp-json\/wp\/v2\/media?parent=59"}],"curies":[{"name":"wp","href":"https:\/\/api.w.org\/{rel}","templated":true}]}}

<h1 style="text-align: center">Die Brodt Foundation engagiert sich für die Stärkung der jüdischen Identität und des Selbstverständnisses von Kindern und Jugendlichen.</h1>
<p style="text-align: center">

<p>Die Brodt Foundation engagiert sich für die Stärkung der jüdischen Identität und des Selbstverständnisses von Kindern und Jugendlichen.</p>
